{"id":1833,"date":"2021-10-13T20:38:25","date_gmt":"2021-10-13T18:38:25","guid":{"rendered":"http:\/\/suryn.pl\/?page_id=1833"},"modified":"2021-10-21T14:42:55","modified_gmt":"2021-10-21T12:42:55","slug":"1833-2","status":"publish","type":"page","link":"http:\/\/suryn.pl\/index.php\/1833-2\/","title":{"rendered":""},"content":{"rendered":"\n<p><\/p>\n\n\n\n<p style=\"font-size:24px\"><strong>Dzi\u015b<\/strong><\/p>\n\n\n\n<p><\/p>\n\n\n\n<h2 class=\"wp-block-heading\">kim jest ten kto pyta?<\/h2>\n\n\n\n<h2 class=\"wp-block-heading\">a czy jest? &#8211; zapyta\u0142em<\/h2>\n\n\n\n<h2 class=\"wp-block-heading\">by\u0142a cisza<\/h2>\n\n\n\n<h2 class=\"wp-block-heading\">i chmury doskonale oboj\u0119tne<\/h2>\n\n\n\n<h2 class=\"wp-block-heading\">\u017ceglowa\u0142y na Warmi\u0105<\/h2>\n\n\n\n<h2 class=\"wp-block-heading\">wym\u0119czona Ziemia \u015bni\u0142a lepszy sen<\/h2>\n\n\n\n<h2 class=\"wp-block-heading\">ja siebie starego<\/h2>\n\n\n\n<h2 class=\"wp-block-heading\">ten nowy \u2013 jeszcze nie\u015bmia\u0142y<\/h2>\n\n\n\n<h2 class=\"wp-block-heading\">pojawia\u0142 si\u0119 kiedy chcia\u0142<\/h2>\n\n\n\n<p><\/p>\n\n\n\n<h2 class=\"wp-block-heading\">sta\u0142em po\u015brodku drogi<\/h2>\n\n\n\n<h2 class=\"wp-block-heading\">wiedzia\u0142em co opuszczam<\/h2>\n\n\n\n<h2 class=\"wp-block-heading\">nie wiedzia\u0142em co mam spotka\u0107<\/h2>\n\n\n\n<h2 class=\"wp-block-heading\">brzydki poranek<\/h2>\n\n\n\n<h2 class=\"wp-block-heading\">by\u0142 brzydki we mnie<\/h2>\n\n\n\n<h2 class=\"wp-block-heading\">s\u0142o\u0144ce sto kilometr\u00f3w dalej<\/h2>\n\n\n\n<h2 class=\"wp-block-heading\">przyj\u0119\u0142oby mnie jak swego<\/h2>\n\n\n\n<h2 class=\"wp-block-heading\">&#8211; wi\u0119c kim jest ten kto pyta?<\/h2>\n\n\n\n<p><\/p>\n\n\n\n<h2 class=\"wp-block-heading\">niebo ukrzy\u017cowane oknem<\/h2>\n\n\n\n<h2 class=\"wp-block-heading\">obraca\u0142o si\u0119 jak b\u0142\u0119kitna lekcja<\/h2>\n\n\n\n<h2 class=\"wp-block-heading\">pe\u0142na wiedzy, gracji<\/h2>\n\n\n\n<h2 class=\"wp-block-heading\">smok\u00f3w i anio\u0142\u00f3w<\/h2>\n\n\n\n<h2 class=\"wp-block-heading\">poczeka\u0142em jeszcze chwil\u0119<\/h2>\n\n\n\n<h2 class=\"wp-block-heading\">usn\u0119\u0142y pytania<\/h2>\n\n\n\n<h2 class=\"wp-block-heading\">odfrun\u0119\u0142y pretensje<\/h2>\n\n\n\n<h2 class=\"wp-block-heading\">mog\u0142em wyj\u015b\u0107 na spacer<\/h2>\n\n\n\n<div style=\"height:500px\" aria-hidden=\"true\" class=\"wp-block-spacer\"><\/div>\n\n\n\n<p class=\"has-text-align-right\"><a href=\"http:\/\/suryn.pl\/index.php\/wiersze-wszystkie\/\">Wszystkie wiersze<\/a><\/p>\n","protected":false},"excerpt":{"rendered":"<p>Dzi\u015b kim jest ten kto pyta? a czy jest? &#8211; zapyta\u0142em by\u0142a cisza i chmury doskonale oboj\u0119tne \u017ceglowa\u0142y na Warmi\u0105 wym\u0119czona Ziemia \u015bni\u0142a lepszy sen ja siebie starego ten nowy \u2013 jeszcze nie\u015bmia\u0142y pojawia\u0142 si\u0119 kiedy chcia\u0142 sta\u0142em po\u015brodku drogi wiedzia\u0142em co opuszczam nie wiedzia\u0142em co mam spotka\u0107 brzydki poranek by\u0142 brzydki we mnie s\u0142o\u0144ce sto kilometr\u00f3w dalej przyj\u0119\u0142oby mnie &#8230;<\/p>\n","protected":false},"author":1,"featured_media":0,"parent":0,"menu_order":0,"comment_status":"closed","ping_status":"closed","template":"","meta":{"footnotes":""},"class_list":["post-1833","page","type-page","status-publish","hentry"],"_links":{"self":[{"href":"http:\/\/suryn.pl\/index.php\/wp-json\/wp\/v2\/pages\/1833","targetHints":{"allow":["GET"]}}],"collection":[{"href":"http:\/\/suryn.pl\/index.php\/wp-json\/wp\/v2\/pages"}],"about":[{"href":"http:\/\/suryn.pl\/index.php\/wp-json\/wp\/v2\/types\/page"}],"author":[{"embeddable":true,"href":"http:\/\/suryn.pl\/index.php\/wp-json\/wp\/v2\/users\/1"}],"replies":[{"embeddable":true,"href":"http:\/\/suryn.pl\/index.php\/wp-json\/wp\/v2\/comments?post=1833"}],"version-history":[{"count":4,"href":"http:\/\/suryn.pl\/index.php\/wp-json\/wp\/v2\/pages\/1833\/revisions"}],"predecessor-version":[{"id":2542,"href":"http:\/\/suryn.pl\/index.php\/wp-json\/wp\/v2\/pages\/1833\/revisions\/2542"}],"wp:attachment":[{"href":"http:\/\/suryn.pl\/index.php\/wp-json\/wp\/v2\/media?parent=1833"}],"curies":[{"name":"wp","href":"https:\/\/api.w.org\/{rel}","templated":true}]}}