{"id":1815,"date":"2021-10-13T20:19:59","date_gmt":"2021-10-13T18:19:59","guid":{"rendered":"http:\/\/suryn.pl\/?page_id=1815"},"modified":"2021-10-21T14:18:07","modified_gmt":"2021-10-21T12:18:07","slug":"1815-2","status":"publish","type":"page","link":"http:\/\/suryn.pl\/index.php\/1815-2\/","title":{"rendered":""},"content":{"rendered":"\n<p><\/p>\n\n\n\n<p style=\"font-size:24px\"><strong>Drawie z okazji Ery Wodnika<\/strong><\/p>\n\n\n\n<p><\/p>\n\n\n\n<h2 class=\"wp-block-heading\">Drawo, siostro, tajemnico<\/h2>\n\n\n\n<h2 class=\"wp-block-heading\">twe gibkie ciemne cia\u0142o<\/h2>\n\n\n\n<h2 class=\"wp-block-heading\">posiad\u0142em nieraz<\/h2>\n\n\n\n<h2 class=\"wp-block-heading\">p\u0142ynna wzajemno\u015b\u0107<\/h2>\n\n\n\n<h2 class=\"wp-block-heading\">ch\u0142odna przyjemno\u015b\u0107<\/h2>\n\n\n\n<h2 class=\"wp-block-heading\">w\u0105\u017c po\u015br\u00f3d olch<\/h2>\n\n\n\n<h2 class=\"wp-block-heading\">s\u0142owia\u0144sko-nordycki warkocz<\/h2>\n\n\n\n<h2 class=\"wp-block-heading\">magia twego imienia<\/h2>\n\n\n\n<h2 class=\"wp-block-heading\">z miliona s\u0142\u00f3w szeptanych<\/h2>\n\n\n\n<h2 class=\"wp-block-heading\">naucz nas jak p\u0142yn\u0105\u0107 przez \u017cycie<\/h2>\n\n\n\n<h2 class=\"wp-block-heading\">z tak\u0105 zgod\u0105.<\/h2>\n\n\n\n<h2 class=\"wp-block-heading\">Wszystko min\u0119\u0142o<\/h2>\n\n\n\n<h2 class=\"wp-block-heading\">i dzi\u015b my \u2013 twoi d\u0142u\u017cnicy<\/h2>\n\n\n\n<h2 class=\"wp-block-heading\">obronimy ci\u0119 przed nami<\/h2>\n\n\n\n<h2 class=\"wp-block-heading\">niech twoja cicha mi\u0142o\u015b\u0107<\/h2>\n\n\n\n<h2 class=\"wp-block-heading\">nigdy nie znika.<\/h2>\n\n\n\n<h2 class=\"wp-block-heading\">Sp\u00f3jrz \u2013 ryby odp\u0142ywaj\u0105<\/h2>\n\n\n\n<h2 class=\"wp-block-heading\">by powita\u0107 Er\u0119 Wodnika<\/h2>\n\n\n\n<div style=\"height:500px\" aria-hidden=\"true\" class=\"wp-block-spacer\"><\/div>\n\n\n\n<div style=\"height:180px\" aria-hidden=\"true\" class=\"wp-block-spacer\"><\/div>\n\n\n\n<p class=\"has-text-align-right\"><a href=\"http:\/\/suryn.pl\/index.php\/wiersze-wszystkie\/\">Wszystkie wiersze<\/a><\/p>\n","protected":false},"excerpt":{"rendered":"<p>Drawie z okazji Ery Wodnika Drawo, siostro, tajemnico twe gibkie ciemne cia\u0142o posiad\u0142em nieraz p\u0142ynna wzajemno\u015b\u0107 ch\u0142odna przyjemno\u015b\u0107 w\u0105\u017c po\u015br\u00f3d olch s\u0142owia\u0144sko-nordycki warkocz magia twego imienia z miliona s\u0142\u00f3w szeptanych naucz nas jak p\u0142yn\u0105\u0107 przez \u017cycie z tak\u0105 zgod\u0105. Wszystko min\u0119\u0142o i dzi\u015b my \u2013 twoi d\u0142u\u017cnicy obronimy ci\u0119 przed nami niech twoja cicha mi\u0142o\u015b\u0107 nigdy nie znika. Sp\u00f3jrz \u2013 &#8230;<\/p>\n","protected":false},"author":1,"featured_media":0,"parent":0,"menu_order":0,"comment_status":"closed","ping_status":"closed","template":"","meta":{"footnotes":""},"class_list":["post-1815","page","type-page","status-publish","hentry"],"_links":{"self":[{"href":"http:\/\/suryn.pl\/index.php\/wp-json\/wp\/v2\/pages\/1815","targetHints":{"allow":["GET"]}}],"collection":[{"href":"http:\/\/suryn.pl\/index.php\/wp-json\/wp\/v2\/pages"}],"about":[{"href":"http:\/\/suryn.pl\/index.php\/wp-json\/wp\/v2\/types\/page"}],"author":[{"embeddable":true,"href":"http:\/\/suryn.pl\/index.php\/wp-json\/wp\/v2\/users\/1"}],"replies":[{"embeddable":true,"href":"http:\/\/suryn.pl\/index.php\/wp-json\/wp\/v2\/comments?post=1815"}],"version-history":[{"count":3,"href":"http:\/\/suryn.pl\/index.php\/wp-json\/wp\/v2\/pages\/1815\/revisions"}],"predecessor-version":[{"id":2533,"href":"http:\/\/suryn.pl\/index.php\/wp-json\/wp\/v2\/pages\/1815\/revisions\/2533"}],"wp:attachment":[{"href":"http:\/\/suryn.pl\/index.php\/wp-json\/wp\/v2\/media?parent=1815"}],"curies":[{"name":"wp","href":"https:\/\/api.w.org\/{rel}","templated":true}]}}