{"id":1763,"date":"2021-10-13T19:44:44","date_gmt":"2021-10-13T17:44:44","guid":{"rendered":"http:\/\/suryn.pl\/?page_id=1763"},"modified":"2021-10-21T13:12:13","modified_gmt":"2021-10-21T11:12:13","slug":"1763-2","status":"publish","type":"page","link":"http:\/\/suryn.pl\/index.php\/1763-2\/","title":{"rendered":""},"content":{"rendered":"\n<p><\/p>\n\n\n\n<h2 class=\"wp-block-heading\"><strong>C<\/strong>zerwiec 1885<\/h2>\n\n\n\n<h2 class=\"wp-block-heading\">to chyba ranek<\/h2>\n\n\n\n<h2 class=\"wp-block-heading\">jest pla\u017ca w zatoce<\/h2>\n\n\n\n<h2 class=\"wp-block-heading\">\u0142\u00f3d\u017a<\/h2>\n\n\n\n<h2 class=\"wp-block-heading\">i ich troje<\/h2>\n\n\n\n<h2 class=\"wp-block-heading\">ch\u0142odny \u015bwit<\/h2>\n\n\n\n<h2 class=\"wp-block-heading\">rosa skrzy podobnie jak w roku 1312<\/h2>\n\n\n\n<h2 class=\"wp-block-heading\">pies ca\u0142y mokry<\/h2>\n\n\n\n<h2 class=\"wp-block-heading\">buszuje w chaszczach<\/h2>\n\n\n\n<h2 class=\"wp-block-heading\">ja umiarkowany stoj\u0119 w \u015brodku cudu<\/h2>\n\n\n\n<h2 class=\"wp-block-heading\">i nic<\/h2>\n\n\n\n<div style=\"height:436px\" aria-hidden=\"true\" class=\"wp-block-spacer\"><\/div>\n\n\n\n<p class=\"has-text-align-right\"><a href=\"http:\/\/suryn.pl\/index.php\/wiersze-wszystkie\/\">Wszystkie wiersze<\/a><\/p>\n","protected":false},"excerpt":{"rendered":"<p>Czerwiec 1885 to chyba ranek jest pla\u017ca w zatoce \u0142\u00f3d\u017a i ich troje ch\u0142odny \u015bwit rosa skrzy podobnie jak w roku 1312 pies ca\u0142y mokry buszuje w chaszczach ja umiarkowany stoj\u0119 w \u015brodku cudu i nic Wszystkie wiersze<\/p>\n","protected":false},"author":1,"featured_media":0,"parent":0,"menu_order":0,"comment_status":"closed","ping_status":"closed","template":"","meta":{"footnotes":""},"class_list":["post-1763","page","type-page","status-publish","hentry"],"_links":{"self":[{"href":"http:\/\/suryn.pl\/index.php\/wp-json\/wp\/v2\/pages\/1763","targetHints":{"allow":["GET"]}}],"collection":[{"href":"http:\/\/suryn.pl\/index.php\/wp-json\/wp\/v2\/pages"}],"about":[{"href":"http:\/\/suryn.pl\/index.php\/wp-json\/wp\/v2\/types\/page"}],"author":[{"embeddable":true,"href":"http:\/\/suryn.pl\/index.php\/wp-json\/wp\/v2\/users\/1"}],"replies":[{"embeddable":true,"href":"http:\/\/suryn.pl\/index.php\/wp-json\/wp\/v2\/comments?post=1763"}],"version-history":[{"count":2,"href":"http:\/\/suryn.pl\/index.php\/wp-json\/wp\/v2\/pages\/1763\/revisions"}],"predecessor-version":[{"id":2504,"href":"http:\/\/suryn.pl\/index.php\/wp-json\/wp\/v2\/pages\/1763\/revisions\/2504"}],"wp:attachment":[{"href":"http:\/\/suryn.pl\/index.php\/wp-json\/wp\/v2\/media?parent=1763"}],"curies":[{"name":"wp","href":"https:\/\/api.w.org\/{rel}","templated":true}]}}