{"id":1756,"date":"2021-10-13T19:41:18","date_gmt":"2021-10-13T17:41:18","guid":{"rendered":"http:\/\/suryn.pl\/?page_id=1756"},"modified":"2021-10-21T13:10:00","modified_gmt":"2021-10-21T11:10:00","slug":"1756-2","status":"publish","type":"page","link":"http:\/\/suryn.pl\/index.php\/1756-2\/","title":{"rendered":""},"content":{"rendered":"\n<p><\/p>\n\n\n\n<h2 class=\"wp-block-heading\"><strong>C<\/strong>o mi szykujesz<\/h2>\n\n\n\n<h2 class=\"wp-block-heading\">niechaj si\u0119 stanie<\/h2>\n\n\n\n<h2 class=\"wp-block-heading\">o niew\u0105tpliwo\u015b\u0107 modl\u0119 si\u0119<\/h2>\n\n\n\n<h2 class=\"wp-block-heading\">Panie<\/h2>\n\n\n\n<h2 class=\"wp-block-heading\">niech b\u0119d\u0119 jak wr\u00f3bel<\/h2>\n\n\n\n<h2 class=\"wp-block-heading\">co nie zna rozterki<\/h2>\n\n\n\n<h2 class=\"wp-block-heading\">cho\u0107 cierpi<\/h2>\n\n\n\n<h2 class=\"wp-block-heading\">wi\u0119c prosz\u0119<\/h2>\n\n\n\n<h2 class=\"wp-block-heading\">t\u0119 \u0142ask\u0119 uczy\u0144 mi Bo\u017ce<\/h2>\n\n\n\n<h2 class=\"wp-block-heading\">bym wiedzia\u0142, \u017ce jest tak<\/h2>\n\n\n\n<h2 class=\"wp-block-heading\">jak by\u0107 musi<\/h2>\n\n\n\n<h2 class=\"wp-block-heading\">a nie tak <\/h2>\n\n\n\n<h2 class=\"wp-block-heading\">jak by\u0107 mo\u017ce<\/h2>\n\n\n\n<div style=\"height:448px\" aria-hidden=\"true\" class=\"wp-block-spacer\"><\/div>\n\n\n\n<p class=\"has-text-align-right\"><a href=\"http:\/\/suryn.pl\/index.php\/wiersze-wszystkie\/\">Wszystkie wiersze<\/a><\/p>\n","protected":false},"excerpt":{"rendered":"<p>Co mi szykujesz niechaj si\u0119 stanie o niew\u0105tpliwo\u015b\u0107 modl\u0119 si\u0119 Panie niech b\u0119d\u0119 jak wr\u00f3bel co nie zna rozterki cho\u0107 cierpi wi\u0119c prosz\u0119 t\u0119 \u0142ask\u0119 uczy\u0144 mi Bo\u017ce bym wiedzia\u0142, \u017ce jest tak jak by\u0107 musi a nie tak jak by\u0107 mo\u017ce Wszystkie wiersze<\/p>\n","protected":false},"author":1,"featured_media":0,"parent":0,"menu_order":0,"comment_status":"closed","ping_status":"closed","template":"","meta":{"footnotes":""},"class_list":["post-1756","page","type-page","status-publish","hentry"],"_links":{"self":[{"href":"http:\/\/suryn.pl\/index.php\/wp-json\/wp\/v2\/pages\/1756","targetHints":{"allow":["GET"]}}],"collection":[{"href":"http:\/\/suryn.pl\/index.php\/wp-json\/wp\/v2\/pages"}],"about":[{"href":"http:\/\/suryn.pl\/index.php\/wp-json\/wp\/v2\/types\/page"}],"author":[{"embeddable":true,"href":"http:\/\/suryn.pl\/index.php\/wp-json\/wp\/v2\/users\/1"}],"replies":[{"embeddable":true,"href":"http:\/\/suryn.pl\/index.php\/wp-json\/wp\/v2\/comments?post=1756"}],"version-history":[{"count":3,"href":"http:\/\/suryn.pl\/index.php\/wp-json\/wp\/v2\/pages\/1756\/revisions"}],"predecessor-version":[{"id":2500,"href":"http:\/\/suryn.pl\/index.php\/wp-json\/wp\/v2\/pages\/1756\/revisions\/2500"}],"wp:attachment":[{"href":"http:\/\/suryn.pl\/index.php\/wp-json\/wp\/v2\/media?parent=1756"}],"curies":[{"name":"wp","href":"https:\/\/api.w.org\/{rel}","templated":true}]}}