{"id":1746,"date":"2021-10-13T19:31:44","date_gmt":"2021-10-13T17:31:44","guid":{"rendered":"http:\/\/suryn.pl\/?page_id=1746"},"modified":"2021-10-21T13:04:44","modified_gmt":"2021-10-21T11:04:44","slug":"1746-2","status":"publish","type":"page","link":"http:\/\/suryn.pl\/index.php\/1746-2\/","title":{"rendered":""},"content":{"rendered":"\n<p><\/p>\n\n\n\n<p style=\"font-size:24px\"><strong>Cisza<\/strong><\/p>\n\n\n\n<p><\/p>\n\n\n\n<h2 class=\"wp-block-heading\">obraz ciszy<\/h2>\n\n\n\n<h2 class=\"wp-block-heading\">jest muzyk\u0105 mi\u0142o\u015bci<\/h2>\n\n\n\n<h2 class=\"wp-block-heading\">na mapie nieba<\/h2>\n\n\n\n<h2 class=\"wp-block-heading\">\u017cegluj\u0105 zakochane arabeski<\/h2>\n\n\n\n<h2 class=\"wp-block-heading\">ta\u0144czy wiedza prze\u017aroczysta<\/h2>\n\n\n\n<h2 class=\"wp-block-heading\">ten z niej korzysta<\/h2>\n\n\n\n<h2 class=\"wp-block-heading\">kto widzi<\/h2>\n\n\n\n<h2 class=\"wp-block-heading\">powszechna przyjemno\u015b\u0107<\/h2>\n\n\n\n<h2 class=\"wp-block-heading\">tu\u017c obok!<\/h2>\n\n\n\n<div style=\"height:352px\" aria-hidden=\"true\" class=\"wp-block-spacer\"><\/div>\n\n\n\n<p class=\"has-text-align-right\"><a href=\"http:\/\/suryn.pl\/index.php\/wiersze-wszystkie\/\">Wszystkie wiersze<\/a><\/p>\n","protected":false},"excerpt":{"rendered":"<p>Cisza obraz ciszy jest muzyk\u0105 mi\u0142o\u015bci na mapie nieba \u017cegluj\u0105 zakochane arabeski ta\u0144czy wiedza prze\u017aroczysta ten z niej korzysta kto widzi powszechna przyjemno\u015b\u0107 tu\u017c obok! Wszystkie wiersze<\/p>\n","protected":false},"author":1,"featured_media":0,"parent":0,"menu_order":0,"comment_status":"closed","ping_status":"closed","template":"","meta":{"footnotes":""},"class_list":["post-1746","page","type-page","status-publish","hentry"],"_links":{"self":[{"href":"http:\/\/suryn.pl\/index.php\/wp-json\/wp\/v2\/pages\/1746","targetHints":{"allow":["GET"]}}],"collection":[{"href":"http:\/\/suryn.pl\/index.php\/wp-json\/wp\/v2\/pages"}],"about":[{"href":"http:\/\/suryn.pl\/index.php\/wp-json\/wp\/v2\/types\/page"}],"author":[{"embeddable":true,"href":"http:\/\/suryn.pl\/index.php\/wp-json\/wp\/v2\/users\/1"}],"replies":[{"embeddable":true,"href":"http:\/\/suryn.pl\/index.php\/wp-json\/wp\/v2\/comments?post=1746"}],"version-history":[{"count":2,"href":"http:\/\/suryn.pl\/index.php\/wp-json\/wp\/v2\/pages\/1746\/revisions"}],"predecessor-version":[{"id":2496,"href":"http:\/\/suryn.pl\/index.php\/wp-json\/wp\/v2\/pages\/1746\/revisions\/2496"}],"wp:attachment":[{"href":"http:\/\/suryn.pl\/index.php\/wp-json\/wp\/v2\/media?parent=1746"}],"curies":[{"name":"wp","href":"https:\/\/api.w.org\/{rel}","templated":true}]}}