{"id":1737,"date":"2021-10-13T19:25:39","date_gmt":"2021-10-13T17:25:39","guid":{"rendered":"http:\/\/suryn.pl\/?page_id=1737"},"modified":"2021-10-21T12:59:28","modified_gmt":"2021-10-21T10:59:28","slug":"1737-2","status":"publish","type":"page","link":"http:\/\/suryn.pl\/index.php\/1737-2\/","title":{"rendered":""},"content":{"rendered":"\n<p><\/p>\n\n\n\n<p style=\"font-size:24px\"><strong>Chcia\u0142em<\/strong><\/p>\n\n\n\n<p><\/p>\n\n\n\n<h2 class=\"wp-block-heading\">chcia\u0142em wiersz napisa\u0107<\/h2>\n\n\n\n<h2 class=\"wp-block-heading\">ale zatrzyma\u0142em si\u0119 w p\u00f3\u0142 drogi<\/h2>\n\n\n\n<h2 class=\"wp-block-heading\">pytaj\u0105c po co?<\/h2>\n\n\n\n<h2 class=\"wp-block-heading\">nikt nie odpowiedzia\u0142<\/h2>\n\n\n\n<h2 class=\"wp-block-heading\">wi\u0119c po\u0142o\u017cy\u0142em si\u0119 na kanapie<\/h2>\n\n\n\n<h2 class=\"wp-block-heading\">oczekuj\u0105c na znak<\/h2>\n\n\n\n<h2 class=\"wp-block-heading\">od B\u00f3g wie kogo<\/h2>\n\n\n\n<h2 class=\"wp-block-heading\">a m\u00f3j wiersz<\/h2>\n\n\n\n<h2 class=\"wp-block-heading\">coraz bardziej przezroczysty<\/h2>\n\n\n\n<h2 class=\"wp-block-heading\">odchodzi w miejsca <\/h2>\n\n\n\n<h2 class=\"wp-block-heading\">w kt\u00f3rych nigdy nie by\u0142em<\/h2>\n\n\n\n<div style=\"height:390px\" aria-hidden=\"true\" class=\"wp-block-spacer\"><\/div>\n\n\n\n<p class=\"has-text-align-right\"><a href=\"http:\/\/suryn.pl\/index.php\/wiersze-wszystkie\/\">Wszystkie wiersze<\/a><\/p>\n","protected":false},"excerpt":{"rendered":"<p>Chcia\u0142em chcia\u0142em wiersz napisa\u0107 ale zatrzyma\u0142em si\u0119 w p\u00f3\u0142 drogi pytaj\u0105c po co? nikt nie odpowiedzia\u0142 wi\u0119c po\u0142o\u017cy\u0142em si\u0119 na kanapie oczekuj\u0105c na znak od B\u00f3g wie kogo a m\u00f3j wiersz coraz bardziej przezroczysty odchodzi w miejsca w kt\u00f3rych nigdy nie by\u0142em Wszystkie wiersze<\/p>\n","protected":false},"author":1,"featured_media":0,"parent":0,"menu_order":0,"comment_status":"closed","ping_status":"closed","template":"","meta":{"footnotes":""},"class_list":["post-1737","page","type-page","status-publish","hentry"],"_links":{"self":[{"href":"http:\/\/suryn.pl\/index.php\/wp-json\/wp\/v2\/pages\/1737","targetHints":{"allow":["GET"]}}],"collection":[{"href":"http:\/\/suryn.pl\/index.php\/wp-json\/wp\/v2\/pages"}],"about":[{"href":"http:\/\/suryn.pl\/index.php\/wp-json\/wp\/v2\/types\/page"}],"author":[{"embeddable":true,"href":"http:\/\/suryn.pl\/index.php\/wp-json\/wp\/v2\/users\/1"}],"replies":[{"embeddable":true,"href":"http:\/\/suryn.pl\/index.php\/wp-json\/wp\/v2\/comments?post=1737"}],"version-history":[{"count":2,"href":"http:\/\/suryn.pl\/index.php\/wp-json\/wp\/v2\/pages\/1737\/revisions"}],"predecessor-version":[{"id":2491,"href":"http:\/\/suryn.pl\/index.php\/wp-json\/wp\/v2\/pages\/1737\/revisions\/2491"}],"wp:attachment":[{"href":"http:\/\/suryn.pl\/index.php\/wp-json\/wp\/v2\/media?parent=1737"}],"curies":[{"name":"wp","href":"https:\/\/api.w.org\/{rel}","templated":true}]}}