{"id":1716,"date":"2021-10-13T19:13:22","date_gmt":"2021-10-13T17:13:22","guid":{"rendered":"http:\/\/suryn.pl\/?page_id=1716"},"modified":"2021-10-21T12:41:38","modified_gmt":"2021-10-21T10:41:38","slug":"1716-2","status":"publish","type":"page","link":"http:\/\/suryn.pl\/index.php\/1716-2\/","title":{"rendered":""},"content":{"rendered":"\n<p><\/p>\n\n\n\n<h2 class=\"wp-block-heading\"><strong>B<\/strong>o\u017ce, napij si\u0119 ze mn\u0105 herbaty<\/h2>\n\n\n\n<h2 class=\"wp-block-heading\">usi\u0105d\u017a przy stole<\/h2>\n\n\n\n<h2 class=\"wp-block-heading\">i porozmawiajmy <\/h2>\n\n\n\n<h2 class=\"wp-block-heading\">jak cz\u0142owiek z cz\u0142owiekiem<\/h2>\n\n\n\n<h2 class=\"wp-block-heading\"><\/h2>\n\n\n\n<div style=\"height:100px\" aria-hidden=\"true\" class=\"wp-block-spacer\"><\/div>\n\n\n\n<p class=\"has-text-align-right\"><a href=\"http:\/\/suryn.pl\/index.php\/wiersze-wszystkie\/\">Wszystkie wiersze<\/a><\/p>\n","protected":false},"excerpt":{"rendered":"<p>Bo\u017ce, napij si\u0119 ze mn\u0105 herbaty usi\u0105d\u017a przy stole i porozmawiajmy jak cz\u0142owiek z cz\u0142owiekiem Wszystkie wiersze<\/p>\n","protected":false},"author":1,"featured_media":0,"parent":0,"menu_order":0,"comment_status":"closed","ping_status":"closed","template":"","meta":{"footnotes":""},"class_list":["post-1716","page","type-page","status-publish","hentry"],"_links":{"self":[{"href":"http:\/\/suryn.pl\/index.php\/wp-json\/wp\/v2\/pages\/1716","targetHints":{"allow":["GET"]}}],"collection":[{"href":"http:\/\/suryn.pl\/index.php\/wp-json\/wp\/v2\/pages"}],"about":[{"href":"http:\/\/suryn.pl\/index.php\/wp-json\/wp\/v2\/types\/page"}],"author":[{"embeddable":true,"href":"http:\/\/suryn.pl\/index.php\/wp-json\/wp\/v2\/users\/1"}],"replies":[{"embeddable":true,"href":"http:\/\/suryn.pl\/index.php\/wp-json\/wp\/v2\/comments?post=1716"}],"version-history":[{"count":3,"href":"http:\/\/suryn.pl\/index.php\/wp-json\/wp\/v2\/pages\/1716\/revisions"}],"predecessor-version":[{"id":2484,"href":"http:\/\/suryn.pl\/index.php\/wp-json\/wp\/v2\/pages\/1716\/revisions\/2484"}],"wp:attachment":[{"href":"http:\/\/suryn.pl\/index.php\/wp-json\/wp\/v2\/media?parent=1716"}],"curies":[{"name":"wp","href":"https:\/\/api.w.org\/{rel}","templated":true}]}}