{"id":1698,"date":"2021-10-13T19:04:42","date_gmt":"2021-10-13T17:04:42","guid":{"rendered":"http:\/\/suryn.pl\/?page_id=1698"},"modified":"2021-10-21T12:01:50","modified_gmt":"2021-10-21T10:01:50","slug":"1698-2","status":"publish","type":"page","link":"http:\/\/suryn.pl\/index.php\/1698-2\/","title":{"rendered":""},"content":{"rendered":"\n<p><\/p>\n\n\n\n<p style=\"font-size:24px\"><strong>Alpinista<\/strong><\/p>\n\n\n\n<p><\/p>\n\n\n\n<h2 class=\"wp-block-heading\">wspinasz si\u0119 po wi\u0119cej \u017cycia<\/h2>\n\n\n\n<h2 class=\"wp-block-heading\">ze \u015bmierci\u0105 na ramieniu<\/h2>\n\n\n\n<h2 class=\"wp-block-heading\">\u015bwiat coraz mniejszy<\/h2>\n\n\n\n<h2 class=\"wp-block-heading\">oddychasz niebem<\/h2>\n\n\n\n<h2 class=\"wp-block-heading\">po\u0142ykasz s\u0142o\u0144ce<\/h2>\n\n\n\n<h2 class=\"wp-block-heading\">co jest wa\u017cne<\/h2>\n\n\n\n<h2 class=\"wp-block-heading\">lina i czekan<\/h2>\n\n\n\n<h2 class=\"wp-block-heading\">szczyt doskonale oboj\u0119tny<\/h2>\n\n\n\n<h2 class=\"wp-block-heading\">nie czeka na nikogo<\/h2>\n\n\n\n<div style=\"height:360px\" aria-hidden=\"true\" class=\"wp-block-spacer\"><\/div>\n\n\n\n<p class=\"has-text-align-right\"><a href=\"http:\/\/suryn.pl\/index.php\/wiersze-wszystkie\/\">Wszystkie wiersze<\/a><\/p>\n","protected":false},"excerpt":{"rendered":"<p>Alpinista wspinasz si\u0119 po wi\u0119cej \u017cycia ze \u015bmierci\u0105 na ramieniu \u015bwiat coraz mniejszy oddychasz niebem po\u0142ykasz s\u0142o\u0144ce co jest wa\u017cne lina i czekan szczyt doskonale oboj\u0119tny nie czeka na nikogo Wszystkie wiersze<\/p>\n","protected":false},"author":1,"featured_media":0,"parent":0,"menu_order":0,"comment_status":"closed","ping_status":"closed","template":"","meta":{"footnotes":""},"class_list":["post-1698","page","type-page","status-publish","hentry"],"_links":{"self":[{"href":"http:\/\/suryn.pl\/index.php\/wp-json\/wp\/v2\/pages\/1698","targetHints":{"allow":["GET"]}}],"collection":[{"href":"http:\/\/suryn.pl\/index.php\/wp-json\/wp\/v2\/pages"}],"about":[{"href":"http:\/\/suryn.pl\/index.php\/wp-json\/wp\/v2\/types\/page"}],"author":[{"embeddable":true,"href":"http:\/\/suryn.pl\/index.php\/wp-json\/wp\/v2\/users\/1"}],"replies":[{"embeddable":true,"href":"http:\/\/suryn.pl\/index.php\/wp-json\/wp\/v2\/comments?post=1698"}],"version-history":[{"count":4,"href":"http:\/\/suryn.pl\/index.php\/wp-json\/wp\/v2\/pages\/1698\/revisions"}],"predecessor-version":[{"id":2469,"href":"http:\/\/suryn.pl\/index.php\/wp-json\/wp\/v2\/pages\/1698\/revisions\/2469"}],"wp:attachment":[{"href":"http:\/\/suryn.pl\/index.php\/wp-json\/wp\/v2\/media?parent=1698"}],"curies":[{"name":"wp","href":"https:\/\/api.w.org\/{rel}","templated":true}]}}