{"id":1670,"date":"2021-09-30T23:39:26","date_gmt":"2021-09-30T21:39:26","guid":{"rendered":"http:\/\/suryn.pl\/?page_id=1670"},"modified":"2021-10-21T10:16:02","modified_gmt":"2021-10-21T08:16:02","slug":"1670-2","status":"publish","type":"page","link":"http:\/\/suryn.pl\/index.php\/1670-2\/","title":{"rendered":""},"content":{"rendered":"\n<p><\/p>\n\n\n\n<pre class=\"wp-block-verse\"><\/pre>\n\n\n\n<p style=\"font-size:24px\"><strong>Alegorie<\/strong><\/p>\n\n\n\n<div class=\"wp-block-group\"><div class=\"wp-block-group__inner-container is-layout-flow wp-block-group-is-layout-flow\">\n<p><\/p>\n<\/div><\/div>\n\n\n\n<p><\/p>\n\n\n\n<div class=\"wp-block-group\"><div class=\"wp-block-group__inner-container is-layout-flow wp-block-group-is-layout-flow\">\n<div class=\"wp-block-group\"><div class=\"wp-block-group__inner-container is-layout-flow wp-block-group-is-layout-flow\">\n<h2 class=\"wp-block-heading\">mimo \u017ce niemo\u017cliwe<\/h2>\n\n\n\n<h2 class=\"wp-block-heading\">\u0142\u0105cz\u0105 ziemi\u0119 z niebem<\/h2>\n\n\n\n<h2 class=\"wp-block-heading\">wi\u0119c b\u0105d\u017a spokojny<\/h2>\n\n\n\n<h2 class=\"wp-block-heading\">i pami\u0119taj<\/h2>\n\n\n\n<h2 class=\"wp-block-heading\">\u017ce ka\u017cda sytuacja<\/h2>\n\n\n\n<h2 class=\"wp-block-heading\">pie\u015bci swoj\u0105 <\/h2>\n\n\n\n<h2 class=\"wp-block-heading\">przeciwno\u015b\u0107<\/h2>\n<\/div><\/div>\n\n\n\n<div class=\"wp-block-columns is-layout-flex wp-container-core-columns-is-layout-9d6595d7 wp-block-columns-is-layout-flex\">\n<div class=\"wp-block-column is-layout-flow wp-block-column-is-layout-flow\" style=\"flex-basis:100%\">\n<div class=\"wp-block-group\"><div class=\"wp-block-group__inner-container is-layout-flow wp-block-group-is-layout-flow\">\n<h2 class=\"wp-block-heading\"><\/h2>\n<\/div><\/div>\n<\/div>\n<\/div>\n<\/div><\/div>\n\n\n\n<div style=\"height:188px\" aria-hidden=\"true\" class=\"wp-block-spacer\"><\/div>\n\n\n\n<p class=\"has-text-align-right\"><a href=\"http:\/\/suryn.pl\/index.php\/wiersze-wszystkie\/\">Wszystkie wiersze<\/a><\/p>\n","protected":false},"excerpt":{"rendered":"<p>Alegorie mimo \u017ce niemo\u017cliwe \u0142\u0105cz\u0105 ziemi\u0119 z niebem wi\u0119c b\u0105d\u017a spokojny i pami\u0119taj \u017ce ka\u017cda sytuacja pie\u015bci swoj\u0105 przeciwno\u015b\u0107 Wszystkie wiersze<\/p>\n","protected":false},"author":1,"featured_media":0,"parent":0,"menu_order":0,"comment_status":"closed","ping_status":"closed","template":"","meta":{"footnotes":""},"class_list":["post-1670","page","type-page","status-publish","hentry"],"_links":{"self":[{"href":"http:\/\/suryn.pl\/index.php\/wp-json\/wp\/v2\/pages\/1670","targetHints":{"allow":["GET"]}}],"collection":[{"href":"http:\/\/suryn.pl\/index.php\/wp-json\/wp\/v2\/pages"}],"about":[{"href":"http:\/\/suryn.pl\/index.php\/wp-json\/wp\/v2\/types\/page"}],"author":[{"embeddable":true,"href":"http:\/\/suryn.pl\/index.php\/wp-json\/wp\/v2\/users\/1"}],"replies":[{"embeddable":true,"href":"http:\/\/suryn.pl\/index.php\/wp-json\/wp\/v2\/comments?post=1670"}],"version-history":[{"count":11,"href":"http:\/\/suryn.pl\/index.php\/wp-json\/wp\/v2\/pages\/1670\/revisions"}],"predecessor-version":[{"id":2456,"href":"http:\/\/suryn.pl\/index.php\/wp-json\/wp\/v2\/pages\/1670\/revisions\/2456"}],"wp:attachment":[{"href":"http:\/\/suryn.pl\/index.php\/wp-json\/wp\/v2\/media?parent=1670"}],"curies":[{"name":"wp","href":"https:\/\/api.w.org\/{rel}","templated":true}]}}